-1 - (-1)/(-2)). What is the tens digit of q(h)?
1
Let z(d) = d**2 + 6*d + 6. Let k be 4 + -3 + -1*5. Let t be z(k). What is the units digit of (-3 - -5) + 1 - t?
5
Let o be 3/6 + (-9)/(-6). Let w(d) = 3 + 0*d + o*d - 3*d. What is the units digit of w(-3)?
6
Let i be (-13)/3 + 6/18. What is the units digit of (3/i)/((-1)/12)?
9
Suppose -3*x + t + 323 = x, 0 = 2*x + t - 157. What is the units digit of x?
0
Suppose -3*z - 8 = -3*h + 10, -3*z = -h + 2. Suppose 5*j - h = j. Suppose 2*d = 0, -12 = -j*b + 2*d + 4. What is the units digit of b?
8
Let o(c) = -59*c**3 + 3*c**2 + c - 2. What is the units digit of o(-1)?
9
Suppose 0*j + j - 5*p - 3 = 0, 0 = 2*j + 2*p - 30. Let k = j - -3. What is the units digit of k?
6
Let w = 21 - -5. What is the tens digit of w?
2
Suppose 0 = -3*m + 3*v - v + 640, -v + 210 = m. What is the units digit of m?
2
Let l = -121 - -255. Suppose 3*q + 3*s + 26 - l = 0, 0 = -3*q + 2*s + 108. What is the tens digit of q?
3
Suppose 5*j = -2*i - 3, 0*i - 5*j + 9 = 4*i. Let b(d) = 7 + 1 - d + 6. What is the units digit of b(i)?
8
Suppose 5*g - 5 = 5. Suppose 0 = -4*k + c + 103, 5*k = g*k + 2*c + 81. What is the units digit of k?
5
Let q(g) = g**3 - 4*g**2 - 5*g - 14. What is the tens digit of q(6)?
2
Let b(g) = -2*g - 4*g + 1 + 5*g. Let q be b(-2). Suppose 0 = -q*y + 2*y + 14. What is the units digit of y?
4
Suppose 0*d + 3 = d, 0 = 3*b - 2*d - 57. Suppose -3*x = -b + 3. What is the units digit of x?
6
Let b(l) = -l**3 - 5*l**2 - 3*l + 5. Let t be b(-4). Let u = t - -14. What is the tens digit of u?
1
What is the tens digit of 138*(2 + (-10)/6)?
4
Let l = 17 + -8. Suppose 4*m + l = -3. What is the units digit of (m/12 - -1)*12?
9
Let j = -242 + 403. What is the tens digit of j?
6
Let i(n) = -2*n**2 + 2 + 0*n**2 + 0*n**2. Let d(j) = -j. Let h(u) = -3*d(u) - i(u). What is the units digit of h(-3)?
7
What is the units digit of (-2)/(-3 - 11) + (-5525)/(-35)?
8
Let j(l) = -l**3 - 6*l**2 + 6*l - 5. Let g be j(-7). Let d = -4 + g. What is the units digit of (0 - d)*-1 + 9?
7
Let x = -12 - -17. Suppose -x*n + 88 = 3*y, -2*y + 5*n = -3*y + 36. What is the units digit of y?
6
Suppose r + 4*x = 6*r - 1041, -2*r + 414 = -x. What is the units digit of r?
5
Let t = 124 - 74. What is the tens digit of t?
5
Suppose 4*w + 80 - 376 = 0. Let m = w + -38. Suppose 5*o = -5*u - m + 106, -2*o = 3*u - 29. What is the units digit of o?
3
Let f(g) = g**3 + 15*g**2 - 13*g - 20. What is the units digit of f(-15)?
5
What is the units digit of (81/12)/((-3)/(-12))?
7
Suppose -a - a = 3*k + 147, -4*k + 140 = -2*a. Let f = -49 - a. What is the tens digit of f?
2
Let c(i) = 2*i**2 + 5*i - 11. What is the units digit of c(-6)?
1
Suppose 0 = 6*y - 2*y - 12. Suppose w + 47 = 3*c, -y*w - 2*w = -3*c + 67. What is the units digit of c?
4
Suppose 21 = 5*a + 1. Suppose -12 = a*k - 32. Suppose k*u + 0*u = 45. What is the units digit of u?
9
Let s = -4 + 14. What is the units digit of (-3)/(-4)*40/s?
3
Let n be 68/12 - (-2)/(-3). Suppose 0 = n*j + 1 - 6. What is the units digit of j?
1
Let r(b) = -2*b + b - 2*b**2 - b + 8*b**2 - 7 - b**3. What is the units digit of r(5)?
8
Let v(m) = 4*m**2 - 1. Let j be v(-1). Let i(p) = 2*p - 1 - j*p + 2. What is the units digit of i(-7)?
8
What is the tens digit of (-5)/((-20)/586) + (-3)/2?
4
Let p(d) = -1 + 0 + 4*d**2 - 3 - d - 2*d. What is the tens digit of p(3)?
2
Suppose -3*o - 347 = -2*n - 79, -2*o = -n + 132. What is the units digit of n?
0
Let l = -1 - -1. Let w be 1/(7 - 5)*2*1. Suppose -c + 2*c - w = l. What is the units digit of c?
1
Let o(v) be the second derivative of v**4/24 - 5*v**3/6 - 3*v**2/2 + 4*v. Let u(z) be the first derivative of o(z). What is the units digit of u(6)?
1
Let z = 32 - 8. Suppose 5*l = -z + 74. What is the tens digit of l?
1
Suppose 10*j = 5*j - 30. What is the units digit of 51*(j/9 + 1)?
7
Suppose -91 = 3*o - 286. What is the tens digit of o?
6
Let y be (-98)/(-8) - (-2)/(-8). Suppose 5*j - y - 3 = 0. Let b = j + 4. What is the units digit of b?
7
Suppose 0 = -2*x - 4*b + 42, -x + 4*b = b - 41. What is the tens digit of x?
2
Let w be 3/1 + 25 + -1. Suppose -5*r + w = -r + s, 5*r + 3*s = 32. What is the units digit of (1 + -5)*r/(-14)?
2
Let v be ((-3)/(-9))/((-1)/(-36)). Suppose -5*k + 5*l = -103 + 13, 3*l = k - v. What is the units digit of k?
1
Suppose -3*v + 2*z + 36 = -z, 4*v + z = 48. What is the units digit of v?
2
What is the tens digit of 3/12 - (-254)/8?
3
Let g(u) = -u**3 + 5*u**2 + 2*u - 3. Let l be g(3). Suppose 4*h = -w + l + 2, 0 = -5*w - 25. What is the units digit of h?
7
Suppose 5*f = 66 + 79. What is the units digit of f?
9
Let u be ((-2)/(-5))/(5/50). What is the units digit of (-10)/u*1*-10?
5
Let g(x) = -x**2 - 9*x - 2. Let h be g(-8). Let p(v) = 2*v**2 - 4*v + 4. What is the units digit of p(h)?
2
Suppose 2*o - 3*d = -6, 4 = 5*o + d + d. Let m(y) = -y**3 + y**2 + 12. What is the tens digit of m(o)?
1
Let y(i) be the first derivative of i**4/4 - 8*i**3/3 + 11*i**2/2 - 8*i - 4. What is the tens digit of y(7)?
2
Suppose -r + 2*d - 28 = r, 3*r + 5*d = -66. Let m = r - -26. Suppose -3*z - m = -6*z. What is the units digit of z?
3
What is the tens digit of -34*(15/6 + -3)?
1
Let z(x) = -10*x. Let n be (-2)/(-1) + (0 - 3). What is the tens digit of z(n)?
1
Let f(z) be the first derivative of 3*z**2/2 + 3*z - 1. Let w be f(-2). What is the units digit of (-9)/6*(1 + w)?
3
Suppose 3*v + 0 = r - 25, -5*v = -4*r + 44. What is the units digit of v/(-28) + (-52)/(-14)?
4
Let y(r) = 47*r. Let j be y(1). Suppose -x - 2*g = -30, 2*x - 18 = g + j. What is the units digit of x?
2
Let l(w) = 5 + 5*w + 3*w**2 - 3*w - 5*w. What is the tens digit of l(3)?
2
Let t be (3 - (8 + 0))*-1. Let d = 38 - t. What is the tens digit of d?
3
Let b(u) = u - 1. Let p(d) = 6*d - 7. Let c(n) = 5*b(n) - p(n). What is the units digit of c(0)?
2
Let z(l) = -l + 4. Let f be z(0). Suppose -5*u - 3*i = -f*i - 47, i = 4*u - 38. What is the units digit of u?
9
Suppose 15*d - 963 = 507. What is the units digit of d?
8
Let t(i) = i**2 - 10*i - 16. Let p be t(12). Let m = -2 + p. What is the units digit of m?
6
What is the units digit of 2/(-13) + 121/(-143) + 95?
4
Let m(u) = u**2 - 4*u + 1. What is the units digit of m(-5)?
6
Suppose 3*l - 88 - 233 = 0. What is the hundreds digit of l?
1
Let h(v) = 4*v - 2. Let s be h(12). Let p = s - 26. What is the units digit of p?
0
Suppose -59 - 13 = 4*i. What is the units digit of (-3)/i + (-951)/(-18)?
3
Let i = 15 - 10. Suppose -i*n + n + 156 = 0. What is the units digit of n?
9
Suppose -2*j - 3*i - 8 = -33, -5*j + 28 = -4*i. Let x(v) = 2*v - 12. Let s be x(j). Suppose n = 2*o + 5, -o = -4*n + s + 2. What is the units digit of n?
1
Let u be 0*(-1)/(-4)*-2. Suppose -3*m - 2*m - 50 = u. Let x = m + 17. What is the units digit of x?
7
Suppose 3*b + 24 = 3*s, b = 5*b - 4. Suppose -s = l - 2*l. What is the units digit of l?
9
Suppose 2 = 4*z - 6. Let v be 6 - -1 - (z - -1). Suppose -d = b - 21, v*d - 20 = 4*b + 32. What is the tens digit of d?
1
Suppose -2*t - 74 = -260. What is the units digit of t?
3
Suppose 0 = -3*k + 2*n + 4, 0 = -3*n + 3. Let a(g) = -2*g + 2. Let r be a(k). What is the units digit of r + (-6)/(-9)*6?
2
Let y(w) be the first derivative of -w**3/3 + 15*w**2/2 - 10*w + 6. What is the units digit of y(11)?
4
Suppose 25 - 67 = -b. What is the tens digit of b?
4
Let u(z) = -z**2 + 7*z + 4. Let c be u(7). Let b(f) = -f**3 + 5*f**2 - 4*f + 1. What is the units digit of b(c)?
1
Let y(s) = s**3 + 9*s**2 + 8*s + 9. Let m(x) = x**2 + 4*x - 3. Let a be m(-6). Suppose 16 = -4*p, -2*n = -p + a + 3. What is the units digit of y(n)?
9
Let f(b) = b**3 - 8*b**2 + 2*b - 12. Let s be f(8). Suppose -u - 2*h = -3, -2*h + 8 + s = -2*u. Let n(x) = x**2 + x - 4. What is the units digit of n(u)?
2
Let o = 527 + -240. What is the hundreds digit of o?
2
Suppose -4*z - 5*x + 149 = 0, -x = z - 0*z - 36. Suppose -3*p - 1 + z = 0. What is the units digit of p?
0
Let k = 22 + 11. What is the units digit of k?
3
Let y be ((-3)/(-2))/(3/(-16)). Let i be 1 - 1 - 0/2. Let z = i - y. What is the units digit of z?
8
Let u = 31 + -17. Suppose 3*h = 46 + u. What is the tens digit of h?
2
Let f = 263 + -130. What is the tens digit of f?
3
What is the units digit of -18*(-1)/(12/114)?
1
Let w(y) = y**3